Let w(m) = m**3 + 5*m**2 - 24*m - 98. Give w(-5).
22
Let d(o) = -3*o**2 - 61*o - 124. Calculate d(-19).
-48
Let p(d) = -d**3 - 11*d**2 - 6*d - 38. Determine p(-11).
28
Let h(u) = 15*u + 56. What is h(3)?
101
Let k(m) = -4*m**2 - 40*m + 12. What is k(-7)?
96
Let c(p) = p**3 + 7*p**2 + 13*p + 16. What is c(-8)?
-152
Let z(h) = 26*h**2 - 2653*h + 105. Calculate z(102).
3
Let k(t) = 7*t**3 + 6*t**2 + 7*t + 2. Give k(-1).
-6
Let x(n) = n**3 - 12*n**2 - 69*n + 543. Determine x(6).
-87
Let t(h) = 3*h**3 + 6*h**2 - 8*h - 9. Calculate t(-3).
-12
Let k(c) = -c**3 - 157*c**2 - 1976*c + 3720. Calculate k(-143).
2
Let z(b) = 76*b + 3119. Calculate z(-41).
3
Let t(u) = 10*u**3 + 307*u**2 - 94*u - 28. Give t(-31).
3
Let f(h) = -2*h**3 - 37*h**2 - 127*h - 19. Give f(-14).
-5
Let f(v) = v**3 + 6*v**2 + 63*v + 176. Calculate f(-7).
-314
Let y(d) = d**3 + 3*d**2 + 48*d + 529. Determine y(-7).
-3
Let n(f) = f + 95. What is n(-23)?
72
Let w(y) = -7*y**3 - 7*y**2 + 6*y + 16. Determine w(-2).
32
Let t(u) = -u**3 - 48*u**2 - 7*u - 57. Give t(-48).
279
Let v(b) = 3*b**2 + 119*b + 194. Give v(-38).
4
Let z(b) = b**3 + 8*b**2 - b + 15. Give z(-9).
-57
Let x(c) = -6*c**3 - 3*c**2 - c + 6. Calculate x(-2).
44
Let n(y) = -2271*y + 40892. Give n(18).
14
Let m(a) = -a**3 + 6*a**2 - 21*a + 295. What is m(8)?
-1
Let b(j) = -j**3 + 163*j**2 + 2710*j + 595. Calculate b(-15).
-5
Let z(d) = 3*d**3 + 766*d**2 + 252*d - 762. What is z(-255)?
3
Let n(w) = w**3 - 13*w**2 - 7*w + 258. Determine n(12).
30
Let o(i) = i**3 - 14*i**2 + 4*i + 122. Calculate o(13).
5
Let z(g) = 3*g**2 - 4*g - 12. What is z(-4)?
52
Let m(a) = -2*a**3 + 32*a**2 - 86*a + 1374. What is m(16)?
-2
Let t(c) = -81*c + 1781. What is t(22)?
-1
Let k(t) = 64*t + 2192. Give k(-34).
16
Let i(k) = k**3 + 59*k**2 + 162*k - 337. What is i(-56)?
-1
Let r(u) = 17*u**3 - 7*u - 3. What is r(-2)?
-125
Let f(v) = 3179*v + 12813. Give f(-4).
97
Let a(h) = h**3 + 18*h**2 - 69*h + 5. What is a(3)?
-13
Let m(f) = f**2 - 75*f - 16950. Calculate m(-98).
4
Let m(y) = -133*y + 3172. Determine m(25).
-153
Let y(j) = 7*j**3 + 16*j**2 - 14*j - 47. What is y(-3)?
-50
Let k(i) = -i**3 - 48*i**2 - i - 67. Determine k(-48).
-19
Let w(q) = -q**3 + 41*q**2 - 80*q + 76. What is w(39)?
-2
Let x(h) = -3*h**2 - 40*h + 180. Calculate x(4).
-28
Let u(p) = p**2 - 27*p + 354. Determine u(14).
172
Let n(x) = 56*x - 109. What is n(2)?
3
Let j(k) = -8*k**2 + 23*k - 24. Determine j(1).
-9
Let b(o) = -117*o + 6318. Determine b(54).
0
Let a(x) = -x**3 - 9*x**2 + 17*x + 6. Give a(-10).
-64
Let f(q) = 2*q**2 + 18*q - 145. Give f(5).
-5
Let c(d) = d**2 - 53*d + 623. Determine c(35).
-7
Let f(t) = 165*t**2 - 9568*t - 67. Give f(58).
49
Let d(m) = -39*m - 301. Give d(-10).
89
Let l(o) = 102*o - 23636. Calculate l(232).
28
Let c(h) = 79*h + 5273. What is c(-65)?
138
Let y(b) = 3458*b + 10371. What is y(-3)?
-3
Let k(u) = -u**3 - 36*u**2 - 125*u + 104. Calculate k(-32).
8
Let o(i) = -i**2 + 55*i - 374. What is o(7)?
-38
Let y(r) = -r**2 - 471*r + 5296. Determine y(11).
-6
Let o(y) = y**3 - 4*y**2 - 29*y - 7. Determine o(7).
-63
Let o(d) = 15*d + 93. Calculate o(-18).
-177
Let h(u) = 3*u**2 + 169*u + 24. Give h(-56).
-32
Let w(o) = 891*o + 4428. Determine w(-5).
-27
Let x(z) = -6*z**3 + 4*z**2 + 683*z + 1. What is x(11)?
12
Let b(d) = 2*d**3 + 5*d**2 + 22*d + 19. Give b(-2).
-21
Let y(f) = -2*f**3 - 18*f**2 + 44*f + 260. Calculate y(-10).
20
Let w(o) = -52319*o + 104629. Calculate w(2).
-9
Let d(i) = 3*i**3 - 92*i**2 + 220*i + 95. Give d(28).
-17
Let a(i) = 13*i**2 - 25*i + 3. What is a(2)?
5
Let p(d) = 56*d + 12. Give p(2).
124
Let u(n) = 6*n - 266. Give u(17).
-164
Let a(u) = -12*u**3 + 25*u**2 + 26*u. Calculate a(-1).
11
Let b(p) = 8*p**2 + 553*p + 49. Determine b(-69).
-20
Let l(o) = 9*o**2 - 1026*o + 1019. What is l(113)?
2
Let q(g) = -g**2 + 21*g + 16. Calculate q(8).
120
Let g(c) = c**3 - 40*c**2 + 2*c + 1419. Calculate g(39).
-24
Let x(m) = 6*m**2 - 257*m + 2475. Calculate x(15).
-30
Let k(r) = -2178*r + 89293. Give k(41).
-5
Let i(f) = 354*f**2 + 7*f + 7. Give i(-1).
354
Let t(q) = 176*q + 1075. Calculate t(-6).
19
Let q(f) = 1767*f + 26495. Give q(-15).
-10
Let t(j) = 25*j**2 - 3*j - 5. Determine t(1).
17
Let z(x) = x**2 + 41*x - 43. Give z(-41).
-43
Let g(c) = -c**2 - 85*c - 617. What is g(-8)?
-1
Let h(c) = -2*c**2 - 27*c - 114. What is h(-8)?
-26
Let p(u) = 75*u + 45. Determine p(0).
45
Let d(q) = 49*q + 4376. What is d(-90)?
-34
Let j(p) = p**3 - 165*p - 48. Calculate j(13).
4
Let w(x) = 10*x + 257. Give w(-27).
-13
Let c(y) = y**2 - 27*y + 75. What is c(24)?
3
Let j(b) = 48*b + 1248. Determine j(-26).
0
Let o(s) = 17*s**2 - 60*s - 29. Determine o(7).
384
Let g(k) = 3*k**3 + 2*k**2 - 26*k + 24. Give g(2).
4
Let d(r) = -67*r + 1159. Calculate d(13).
288
Let f(c) = -943*c - 24521. Give f(-26).
-3
Let g(u) = 2*u**2 - 4*u + 3. What is g(1)?
1
Let v(l) = l**3 + 240*l**2 + 3164*l - 48. Give v(-226).
-48
Let p(i) = i**3 - 7*i**2 - 51*i - 32. Calculate p(13).
319
Let j(n) = -3*n + 166. What is j(16)?
118
Let h(v) = -3*v**3 + 28*v**2 - 21*v + 8. Give h(11).
-828
Let x(o) = 30*o + 4029. What is x(-134)?
9
Let g(m) = -m**3 + 18*m**2 - 70*m + 26. Determine g(13).
-39
Let p(g) = -15*g**2 - 156*g + 9. Calculate p(-10).
69
Let t(r) = -242*r**3 - 6*r**2 - 7*r - 1. Calculate t(-1).
242
Let y(g) = -g**2 + 546*g + 16115. Calculate y(-28).
43
Let b(q) = q**2 + 24*q - 1212. Calculate b(24).
-60
Let r(j) = -22*j**3 - 16*j**2 + 2*j. Determine r(-2).
108
Let c(y) = 43*y + 100. What is c(-3)?
-29
Let j(n) = -n**3 + 55*n**2 - 68*n + 633. Calculate j(54).
-123
Let i(k) = -60*k - 4796. Give i(-80).
4
Let o(b) = 33*b + 294. Give o(-11).
-69
Let y(v) = 420*v + 5425. Give y(-13).
-35
Let f(o) = -8*o + 368. Determine f(31).
120
Let q(f) = 180*f + 7201. Determine q(-40).
1
Let t(s) = -13*s**3 + 2*s**2 - 42*s - 138. Determine t(-3).
357
Let x(q) = -q**3 - 10*q**2 - q - 116. What is x(-11)?
16
Let u(n) = -n**3 + 21*n**2 - 23*n + 60. What is u(20)?
0
Let i(r) = 31*r**2 - 159*r + 28. Give i(5).
8
Let u(y) = -6771*y + 13550. Determine u(2).
8
Let r(y) = 19*y + 631. What is r(-33)?
4
Let k(v) = -2*v**2 + 45*v - 29. Determine k(13).
218
Let t(f) = -7*f**2 - 47*f - 73. Determine t(-4).
3
Let f(z) = -167*z**3 - 13*z**2 + 2*z + 2. What is f(-1)?
154
Let w(p) = -2*p**3 - 26*p**2 + 530*p + 40. Calculate w(-24).
-8
Let j(o) = o**2 - 15*o + 8. What is j(15)?
8
Let c(g) = -928*g + 4608. Determine c(5).
-32
Let g(f) = 21*f - 96. Determine g(-13).
-369
Let n(r) = -r**3 + 5*r**2 + r + 4. Give n(3).
25
Let a(x) = x**3 - 42*x**2 + 288*x - 12092. Calculate a(42).
4
Let y(b) = -2*b**2 - 17*b - 53. Give y(-8).
-45
Let y(n) = -n**2 + 197*n + 6817. What is y(227)?
7
Let a(z) = -z**3 - 10*z**2 - 9*z + 8. Determine a(-9).
8
Let y(m) = 9740*m - 29214. Calculate y(3).
6
Let r(x) = -64*x**2 + 5*x. Calculate r(1).
-59
Let s(b) = -b**3 - 10*b**2 + 17*b - 12. Give s(-11).
-78
Let t(x) = x**3 - 41*x**2 - 108*x - 1042. What is t(44)?
14
Let v(m) = -m**3 - 20*m**2 - 57*m - 484. Calculate v(-19).
238
Let z(n) = 5*n + 158. Determine z(-33).
-7
Let m(r) = r**3 - 218*r + 908. Give m(12).
20
Let h(g) = -g**3 - 38*g**2 - 43*g - 242. Give h(-37).
-20
Let d(r) = r**2 - 40*r - 1120. Calculate d(59).
1
Let n(u) = 2*u**2 + 87*u - 319. What is n(-47)?
10
Let q(x) = -x**3 + 3*x**2 + 30*x - 7. Give q(7).
7
Let z(d) = 22*d - 501. Determine z(26).
71
Let s(q) = -15*q**2 - 190*q - 235. What is s(-11)?
40
Let n(p) = -24*p**2 + 289*p - 10. What is n(12)?
2
Let p(q) = -3*q**3 + 75*q**2 - 71*q - 14. What is p(24)?
10
Let b(a) = -a**3 + a**2 - 28*a - 27. Give b(-7).
561
Let o(b) = 4182*b + 29257. Calculate o(-7).
-17
Let c(x) = 478*x - 2379. Determine c(5).
11
Let h(j) = 37*j + 111. Calculate h(-3).
0
Let w(c) = c**3 + 58*c**2 + 55*c - 122. Give w(-57).
-8
Let q(o) = 2937*o - 14687. Determine q(5).
-2
Let m(k) = k**2 - 2946*k + 38123. What is m(13)?
-6
Let i(k) = 115*k**3 + k**2 + 4*k + 5. What is i(-1)?
-113
Let d(g) = 516*g - 5691. Give d(11).
-15
Let a(z) = -2*z**2 + 117*z - 64. Calculate a(58).
-6
Let s(l) = -49*l + 1586. Give s(33).
-31
Let f(a) = -2*a**2 - 2260*a - 22485. Calculate f(-10).
-85
Let a(m) = m**3 + 3*m**2 - 111*m - 506. Give a(-5).
-1
Let l(f) = f**3 - 7*f**2 + 69*f - 602. What is l(8)?
14
Let a(k) = 3*k**2 + 182*k + 74